{"id":45,"date":"2014-06-10T17:49:14","date_gmt":"2014-06-10T15:49:14","guid":{"rendered":"http:\/\/sei-haltbar.de\/?page_id=45"},"modified":"2014-07-30T10:49:30","modified_gmt":"2014-07-30T08:49:30","slug":"ueber-uns","status":"publish","type":"page","link":"https:\/\/medienplattform.wmk-karlsruhe.de\/sei-haltbar-de\/ueber-uns\/","title":{"rendered":"\u00dcber uns"},"content":{"rendered":"<p style=\"text-align: center;\">In Karlsruhe nachhaltig leben \u2013 geht das? F\u00fcr unsere Lehrredaktion im Studiengang Wissenschaft \u2013 Medien \u2013 Kommunikation am KIT haben wir uns auf Recherche begeben, wie man besonders als junger Mensch ein bisschen \u201ehaltbar\u201c leben kann: Reparieren statt wegschmei\u00dfen, teilen statt allein besitzen. Daraus ist \u201e<em>sei haltbar<\/em>!\u201c entstanden. Gleichzeitig haben wir als angehende Wissenschaftsjournalisten den Redaktionsalltag ge\u00fcbt.<br \/>\nUnsere Redaktion ist in Gruppen unterteilt. Wir produzieren alle eigene Beitr\u00e4ge, aber zus\u00e4tzlich gibt es Teams, die sich um die Qualit\u00e4t unserer Produktionen k\u00fcmmern: Chefredakteure, die auf die Themenwahl achten und uns Beine machen, wenn wir nicht \u201eliefern\u201c. Ein Fact-Checking-Team, das kontrolliert, ob auch alles richtig und m\u00f6glichst wissenschaftlich fundiert ist. Eine Bildredaktion, die uns bei Fotoproduktionen und Bildrechten unterst\u00fctzt. Ein Bewegtbildteam, das bei Videoproduktionen hilft, und au\u00dferdem das Tonteam, das die Tonqualit\u00e4t kontrolliert und f\u00fcr Musik und Effekte sorgt. Ohne unsere Webgruppe g\u00e4be es dieses Blog nicht \u2013 sie hat sich auch das Logo ausgedacht. Und das Social-Media-Team <a title=\"seihaltbar zwitschert auch\" href=\"http:\/\/twitter.com\/seihaltbar\" target=\"_blank\">twittert <\/a>und sendet Nachrichten per <a title=\"gef\u00e4llt dir seihaltbar?\" href=\"https:\/\/www.facebook.com\/SeiHaltbar\" target=\"_blank\">Facebook<\/a>.<\/p>\n<p style=\"text-align: center;\"><strong>Viel Spa\u00df beim Lesen!<\/strong><\/p>\n<p style=\"text-align: right;\">WMK &#8211; Jahrgang 2012\/13<\/p>\n","protected":false},"excerpt":{"rendered":"<p>In Karlsruhe nachhaltig leben \u2013 geht das? F\u00fcr unsere Lehrredaktion im Studiengang Wissenschaft \u2013 Medien \u2013 Kommunikation am KIT haben wir uns auf Recherche begeben, wie man besonders als junger Mensch ein bisschen \u201ehaltbar\u201c leben kann: Reparieren statt wegschmei\u00dfen, teilen<\/p>\n","protected":false},"author":2,"featured_media":0,"parent":0,"menu_order":0,"comment_status":"open","ping_status":"closed","template":"","meta":{"footnotes":""},"class_list":["post-45","page","type-page","status-publish","hentry"],"_links":{"self":[{"href":"https:\/\/medienplattform.wmk-karlsruhe.de\/sei-haltbar-de\/wp-json\/wp\/v2\/pages\/45"}],"collection":[{"href":"https:\/\/medienplattform.wmk-karlsruhe.de\/sei-haltbar-de\/wp-json\/wp\/v2\/pages"}],"about":[{"href":"https:\/\/medienplattform.wmk-karlsruhe.de\/sei-haltbar-de\/wp-json\/wp\/v2\/types\/page"}],"author":[{"embeddable":true,"href":"https:\/\/medienplattform.wmk-karlsruhe.de\/sei-haltbar-de\/wp-json\/wp\/v2\/users\/2"}],"replies":[{"embeddable":true,"href":"https:\/\/medienplattform.wmk-karlsruhe.de\/sei-haltbar-de\/wp-json\/wp\/v2\/comments?post=45"}],"version-history":[{"count":7,"href":"https:\/\/medienplattform.wmk-karlsruhe.de\/sei-haltbar-de\/wp-json\/wp\/v2\/pages\/45\/revisions"}],"predecessor-version":[{"id":514,"href":"https:\/\/medienplattform.wmk-karlsruhe.de\/sei-haltbar-de\/wp-json\/wp\/v2\/pages\/45\/revisions\/514"}],"wp:attachment":[{"href":"https:\/\/medienplattform.wmk-karlsruhe.de\/sei-haltbar-de\/wp-json\/wp\/v2\/media?parent=45"}],"curies":[{"name":"wp","href":"https:\/\/api.w.org\/{rel}","templated":true}]}}